{"id":948,"date":"2023-09-17T09:17:28","date_gmt":"2023-09-17T07:17:28","guid":{"rendered":"http:\/\/localhost\/wordpress\/?post_type=product&#038;p=948"},"modified":"2023-09-30T12:22:21","modified_gmt":"2023-09-30T10:22:21","slug":"motricite","status":"publish","type":"product","link":"https:\/\/aude-kine.fr\/ateliers\/produit\/motricite\/","title":{"rendered":"Duo Psychomot &#8211; kin\u00e9"},"content":{"rendered":"<p>Cet atelier motricit\u00e9 est propos\u00e9 au cabinet OCTOPUS \u00e0 Yves pour les enfant de 0 \u00e0 6 mois.<\/p>\n<p><b>Marion DUBES, psychomotricienne et Aude GELDRON masseur kin\u00e9sith\u00e9rapeute p\u00e9diatriques<\/b>\u00a0vous feront d\u00e9couvrir le d\u00e9veloppement psychomoteur de l&rsquo;enfant et r\u00e9pondront aux questions:<\/p>\n<p><b>Que faire avec son b\u00e9b\u00e9 en fonction de son \u00e2ge?<\/b><\/p>\n<p><b>Quels jeux choisir?<\/b><\/p>\n<p><b>Comment accompagner mon b\u00e9b\u00e9 au quotidien (portages, retournements\u2026)?<\/b><\/p>\n<p><b>Quels sont les signes qui doivent vous alerter pour consulter?<\/b><\/p>\n<p>2H d&rsquo;atelier pour maximum 6 b\u00e9b\u00e9s.<\/p>\n<p><a href=\"https:\/\/aude-kine.fr\/ateliers\/\"><img loading=\"lazy\" decoding=\"async\" class=\"alignnone wp-image-1219 size-full\" src=\"https:\/\/aude-kine.fr\/ateliers\/wp-content\/uploads\/2023\/09\/reserv-e1696069148122.png\" alt=\"\" width=\"237\" height=\"77\" \/><\/a><\/p>\n","protected":false},"excerpt":{"rendered":"<p>Cet atelier motricit\u00e9 est propos\u00e9 au cabinet OCTOPUS \u00e0 Yves pour les enfant de 0 \u00e0 6 mois. Marion DUBES, psychomotricienne et Aude GELDRON masseur kin\u00e9sith\u00e9rapeute p\u00e9diatriques\u00a0vous feront d\u00e9couvrir le d\u00e9veloppement psychomoteur de l&rsquo;enfant et r\u00e9pondront aux questions: Que faire avec son b\u00e9b\u00e9 en fonction de son \u00e2ge? Quels jeux choisir? Comment accompagner mon b\u00e9b\u00e9&hellip;&nbsp;<a href=\"https:\/\/aude-kine.fr\/ateliers\/produit\/motricite\/\" class=\"\" rel=\"bookmark\">Lire la suite &raquo;<span class=\"screen-reader-text\">Duo Psychomot &#8211; kin\u00e9<\/span><\/a><\/p>\n","protected":false},"featured_media":1151,"template":"","meta":{"neve_meta_sidebar":"","neve_meta_container":"","neve_meta_enable_content_width":"off","neve_meta_content_width":100,"neve_meta_title_alignment":"","neve_meta_author_avatar":"","neve_post_elements_order":"","neve_meta_disable_header":"","neve_meta_disable_footer":"","neve_meta_disable_title":"","_themeisle_gutenberg_block_has_review":false},"product_cat":[23],"product_tag":[],"class_list":{"0":"post-948","1":"product","2":"type-product","3":"status-publish","4":"has-post-thumbnail","6":"product_cat-cabinet-octopus-a-yves","8":"first","9":"instock","10":"virtual","11":"product-type-simple"},"_links":{"self":[{"href":"https:\/\/aude-kine.fr\/ateliers\/wp-json\/wp\/v2\/product\/948"}],"collection":[{"href":"https:\/\/aude-kine.fr\/ateliers\/wp-json\/wp\/v2\/product"}],"about":[{"href":"https:\/\/aude-kine.fr\/ateliers\/wp-json\/wp\/v2\/types\/product"}],"wp:featuredmedia":[{"embeddable":true,"href":"https:\/\/aude-kine.fr\/ateliers\/wp-json\/wp\/v2\/media\/1151"}],"wp:attachment":[{"href":"https:\/\/aude-kine.fr\/ateliers\/wp-json\/wp\/v2\/media?parent=948"}],"wp:term":[{"taxonomy":"product_cat","embeddable":true,"href":"https:\/\/aude-kine.fr\/ateliers\/wp-json\/wp\/v2\/product_cat?post=948"},{"taxonomy":"product_tag","embeddable":true,"href":"https:\/\/aude-kine.fr\/ateliers\/wp-json\/wp\/v2\/product_tag?post=948"}],"curies":[{"name":"wp","href":"https:\/\/api.w.org\/{rel}","templated":true}]}}